hat is the value of -80 + 48 + -8 - -50?
10
What is the value of -72 - (-83 + 169 - 148)?
-10
What is the value of -22 + 24 + 80 + -26?
56
Evaluate 40 - (2 - 15 - (-2 + -27 + 19)).
43
-8 + -1 + 316 + -261
46
Calculate (-134 - -56 - -50) + -45.
-73
What is the value of -7 + 1 + (96 - 152) + 37?
-25
Evaluate (-4 + 56 - -7) + (331 - 343).
47
What is -22 + (-2 - (1 + -6)) + 78 + -72?
-13
What is the value of -1 + 12 - (-33 + (42 - -13))?
-11
Evaluate -34 + 67 - ((32 - 37) + -1 + 2).
37
Calculate -8 + 10 + 7 - (128 + -143).
24
Evaluate (-1 + 0 + 3 - (-44 - -35)) + 18.
29
Calculate 2 + 17 + (0 - (73 - 45)) - 28.
-37
What is the value of 351 - 364 - (3 - (0 - (-4 - 31)))?
19
-62 + (-124 - -63 - (6 - 37))
-92
Calculate 7 - 18 - (8 - -1 - (57 + 25 + -5)).
57
What is the value of -20 + 64 + 71 + -101?
14
Calculate -92 + 210 + (-107 - -44).
55
What is 0 + ((1 - -48) + (198 - 184) - 0)?
63
What is -33 + 17 + (-98 - 2)?
-116
What is -18 + 2 + (-3 - (-2 + -23))?
6
(4 - (-4 - 1)) + -24 + 16 - 21
-20
Calculate (-9 - (-84 + -1)) + 10 - (-7 + 3 + -1).
91
What is the value of 2 + (-42 + 49 + 3 + -4 + 6 - 2)?
12
Evaluate 166 + -162 - (7 - (19 - -2)).
18
(-11 - (21 - 27)) + -69 + (-1 - -11)
-64
Calculate 4 - (32 - (56 + -26) - -28).
-26
-98 + -105 + (-100 - -251)
-52
Calculate -55 + -15 - (-22 + 14 + -22).
-40
What is the value of 57 - 49 - (-7 + 0 - (-24 + -20))?
-29
Evaluate -142 + 150 + -7 + (-76 - (10 + -9)).
-76
What is the value of -39 + (-18 - 1 - -21) + 2?
-35
Calculate -1 + -1 + 2 - (-10 - (-6 + 7)).
11
Calculate 32 + 1 + 10 + -45.
-2
Evaluate 67 - (76 - 131 - -44).
78
Evaluate (-6 - (-14 + (25 - -2))) + -8.
-27
Calculate 21 + -8 - (-4 - (-7 + -17)).
-7
Calculate 9 + 1 + 1 + -5 + 1 - (-9597 - -9631).
-27
What is the value of -92 - (-3 + 3 + 3 + (523 - 515))?
-103
Calculate (-33 - -11) + 44 + 0 + 12.
34
(-3 - -114 - 4) + 0 + (7610 - 7632)
85
Evaluate (-1 - -102) + (-376 - -408) + 1 + -50.
84
What is the value of -58 + (36 - -8) + -16?
-30
Calculate 10 + -11 + 38 - ((13 - 9) + 7).
26
Evaluate (20 - 16) + -20 + 28 - (-95 - -9).
98
What is (11 - 3) + (0 - -1) + (-33 - (36 + -94))?
34
What is (-80 - -14) + -234 + 280?
-20
What is the value of -14 + 33 + -22 + (-2 - -30)?
25
Calculate (1 - 35) + 0 + 1 - (-15 + 23) - -2.
-39
What is the value of -22 + (-19 - (-75 - 0))?
34
Evaluate -21 + (17 - 13) - (-18 + 42).
-41
Calculate (7 - (-15 - -12) - 44) + (7 - 1 - 12).
-40
What is -22 + 90 - 45 - 37?
-14
(2 - 0) + 11 - (71 - (9 - -8) - 19)
-22
Calculate 44 + 15 + -68 + 52.
43
Evaluate (0 - -35) + (-53 - -37 - -4) + 11.
34
What is -10 + -17 + 21 + 55?
49
Calculate (-76 - (55 + -119)) + 90.
78
Evaluate 16 + (1 - 4) + (36 - -25) - 16.
58
What is the value of 42 - (22 - -7 - 3)?
16
Evaluate -34 + (4 - 9) + 10 + 1 - (4 - -5).
-37
Calculate -202 - -216 - (-8 - (14 + -4)).
32
-31 + -2 + 3 + (266 - 70) - (15 - -1)
150
-70 - ((-16 - ((-14 - (-19 - -11)) + -6)) + 12)
-78
12 + -15 + 136 + -21 - 29
83
What is the value of 79 + (-17 - (-15 - -6)) + 5 + -10 - -10?
76
What is -157 + 99 - -74 - (-1 - 14)?
31
Evaluate (60 + 6 - ((-7 + 24 - 6) + -18)) + 10.
83
Calculate 0 + 5 + (4 + 14 - (-10 - (13 - 30))).
16
Evaluate (29 - (-68 + 103)) + (-5 + 3 - -2).
-6
-43 + -33 + -5 + 6
-75
Evaluate (-46 - -36) + (-4 - -1) - (-50 + 4 + 122).
-89
What is (58 - 16) + 29 - (1 - -15)?
55
Evaluate -8 + (-12 - (-17 - 13)) + -19 + 1 + 160.
152
Calculate -11 + -8 + -52 + 47 - (-14 - -2 - 2).
-10
What is the value of -618 - -693 - (68 - 0)?
7
(20 + -26 + 17 - 3) + 9 - 109
-92
-89 - 9 - (78 + -88 + (-7 - -32))
-113
Calculate -51 + (-41 + -2 - -80).
-14
Calculate 24 - (37 + 51 - 14).
-50
95 + -85 - (-8 - -53)
-35
What is the value of -16 + (-76 - 12) - -101?
-3
46 + 29 + 33 + -24
84
What is the value of -61 + -4 - (-43 - (-52 + 22))?
-52
What is -78 - (-227 - 53) - 86?
116
(90 - 110) + -36 + -16
-72
-2 + (-75 - -1) + (-66 + -30 + 37 - -51)
-84
Evaluate 37 + -94 + -34 + 13.
-78
What is the value of 1 + (-14 + 1 - (-9 + 41 + -121)) + 10?
87
24 - (31 - 18) - -3 - 7 - 50
-43
Calculate (0 - 11) + (-20 - -14) - 1.
-18
-7 + (20 - 2) - ((35 - 23) + -15)
14
What is the value of 12 + -10 - (6 - 11 - -9 - 44)?
42
Evaluate -14 + (8 - -18) + -31.
-19
-10 + (7 - -57 - 23)
31
What is -2 + (56 - 2) + (-3369 - -3372)?
55
What is 10 + 4 - 20 - (0 - ((1 - -1) + -3))?
-7
What is the value of -15 + (-4 - (-2 + -3 + 10 + -12)) + -50?
-62
What is (-3 - -129) + -138 - (-3 - (95 - 1))?
85
Evaluate 0 + 0 - -2 - ((-1 - 47) + (74 - 71)).
47
Evaluate -15 + -1 + -50 - (-19 + 10).
-57
-8 + -1 - (20 - (86 + -41))
16
What is the value of (-9 - -25) + -6 - (-35 - -56)?
-11
What is 88 - 3 - (86 - (-35 - -115))?
79
-3 - (58 - 49 - -22)
-34
What is the value of 24 + -22 + 22 - (0 + -15)?
39
Evaluate 133 + -209 + 30 + 2 + 21.
-23
Calculate 1 + 1 - -21 - (40 - (-1 - -40)).
22
What is the value of (109 + 5 - (-161 + 178)) + 44?
141
Calculate -107 + 108 + 26 + -89.
-62
(1027 - 967) + (-6 - 1)
53
What is 35 - 2 - (85 + -109 + 27)?
30
-87 + (30 - -5) + 28
-24
What is the value of 59 + 17 + -101 + 29?
4
Evaluate -38 - (-34 + -8 - -12 - 56).
48
What is the value of -2892 - -2849 - (-35 - 1)?
-7
(-1 + -4 - (-8 + 24 + -14)) + 5 - -38
36
2 - (-6 + 27 + 1 + (9 - 6))
-23
(-98 - -108) + (0 - 13) + (0 - -10) + 64
71
What is 14 - ((-6 - -12) + -4) - 47 - -7?
-28
Evaluate -2 - 19 - (1129 - 1060).
-90
What is -3 - 15 - -5 - ((-10 + -2 - -22) + -6)?
-17
Evaluate 0 - 49 - (-3 - 19 - 11).
-16
What is the value of 46 + -44 - 21 - 34?
-53
Calculate (-27 - ((-7 - (-27 - -14)) + (-1 - 2))) + 7.
-23
(9 + -12 - 0) + -36
-39
Evaluate -2 - (0 - -2) - ((0 - -9) + -899 + 883).
3
(5 - ((4 + 13 - 1) + -2)) + -110 + 83
-36
What is the value of 31 - (113 + -3) - -22?
-57
63 + (-39 - -5 - 40)
-11
What is -2 - ((-888 - -869) + (-22 - -2))?
37
What is the value of -63 + 16 + (16 - -26)?
-5
Calculate (-205 - -26) + 189 + -3 + 1 + (-1 - 56).
-49
Evaluate 125 + -7 + -48 - 13.
57
-11 + (3 - 0 - 2) - (76 + (-46 - 28))
-12
Calculate -121 + 154 + (-56 - -8).
-15
What is -12 - ((-2 - 7) + -3 - (-1087 + 1079))?
-8
(2 - 15) + -1 + 16 + -505 + 420
-83
Evaluate ((-42 - -4) + 4 - 1) + (-59 - -70) + -21.
-45
Calculate (-36 - -18) + -7 - -47.
22
-51 + 51 - (-18 + 5)
13
Calculate -72 + -10 + (729 - 720).
-73
What is (6 + -7 - (33 + 3 - 5)) + 3?
-29
Evaluate (-150 - -165) + (15 - 54).
-24
-4 + -56 - (25 - (73 - 41))
-53
-89 - -40 - (-3 + -99)
53
Calculate (100 + -34 - 39) + -63.
-36
What is 26 - (-42 - -60 - -10) - (11 + -1)?
-12
What is the value of (-1 - -19) + (-621 - -574) + (2 - 0 - 12)?
-39
What is (-17 + 60 - 17) + (-8 - 0)?
18
Calculate (-5 + 8 + -28 - -28) + 0 + -80.
-77
What is (-2 - (-5 + 0)) + -746 + 737 + -20?
-26
Evaluate 579 + 255 + -834 + (55 - 0) + 1.
56
-2 + -12 - (125 + -208 - -34)
35
19 + 55 + -114 + (-18 - 1)
-59
Evaluate (-16 - -39) + (4 + -21 - -6).
12
Calculate 18 + (16 - (-22 + 6 + 18)).
32
What is the value of (137 - (24 + 2)) + 8 + -13 + (0 - 15)?
91
Calculate -94 + (25 - (-118 + 56)).
-7
2 + 2 - (179 + -176) - -17
18
Evaluate -2 + 39 + 3 + (75 + -47 - 40).
28
Calculate -2 + 3 + 5 - (-22 - 1 - (701 - 776)).
-46
Calculate -3 - (66 - (3 + (19 - 13))).
-60
2 - (-42 + 47 + (2 - 2) + -1)
-2
80 + -87 + 85 + (-3 + 2 - -2) + 12
91
Evaluate (0 - -68) + (-40 - (-48 + 16)) - 13.
47
Evaluate -4 - (8 + -1 + 1 + (3927 - 3933)).
-6
(-5 - -32) + (-4 - (10 + 7 + -6 + -11))
23
What is (-82 - -138) + -36 + -56 + 0?
-36
(-5 - 51) + (-19 + (21 - 23) - -34)
-43
(-53 - (17 - -2 - 32)) + 0 + 9
-31
17 + (8 - (27 - 12)) + -57 + 3
-44
What is the value of 10 + (-56 - -10 - -34)?
-2
What is (-83 - -89 - 32) + 39?
13
Calculate -16 - (-1 + -11 + -5 - 15).
16
Evaluate 4 + 17 + (-10 - 28 - -80).
63
What is the value of -35 + 14 + 6 + -8 + 16 + -13?
-20
Calculate (29 - 17 - 20) + 8 + -67.
-67
4 + (9 - 3) + (10 - 8)
12
2497 + -2611 + 2 + 85
-27
What is the value of -519 - -373 - (-186 + -29)?
69
What is -4 - -6 - (23 + -23) - (-28 + 4)?
26
What is (123 - 147) + 2 + 12 - (0 + (2 - -37))?
-49
Evaluate 103 - (-7 - (-79 - -40)) - -33.
104
106 - (-36 + (-171 - -170))
143
Calculate -11 + (16 - 8) - ((-15 - -16 - 10) + -36).
42
What is the value of -92 + -5 + 21 + 101?
25
What is the value of -8 + -5 - (-3 + 8 - 0 - (-102 + 111))?
-9
(-186 - -165) + 104 - ((-2 - 0) + -2)
87
What is 35 - (2 - 9 - -15 - (34 